/6)*756/105.
2, 3
Let k = 25 - -18. List the prime factors of k.
43
Let v(p) = -10*p. Let d be v(-1). Suppose -4*l + 17 = -0*l - t, 0 = -5*l - t + d. Suppose -j = l*j - 28. List the prime factors of j.
7
Let f = 15 - 9. Suppose 2*z - 41 = -3*c, 0 = -5*c - 4*z + f*z + 79. What are the prime factors of c?
3, 5
Suppose -3*t + 13 - 4 = 0. Suppose -t*m = -2*m - 13. List the prime factors of m.
13
Let m = -151 + 261. Suppose 3*k = -2*s + m, 3*s = -3*k + 2*k + 46. What are the prime factors of k?
2, 17
Suppose 0 = 4*g - 7 - 25. Suppose -m + s = 6*s - 19, -4*s + g = 0. What are the prime factors of m?
3
Let t be (6/5)/(24/80). Suppose t*v = -v + 5*i + 50, 4*v - 75 = -3*i. What are the prime factors of v?
3, 5
Let w(t) be the second derivative of t**5/40 - t**4/12 + t**3/3 - 3*t. Let k(y) be the second derivative of w(y). List the prime factors of k(5).
13
Suppose 0 = 4*c + 3*m - 23 - 8, 0 = -4*c + 2*m + 6. Suppose 0 = c*d + 5*h - 145, 5*d - 4*h - 20 - 110 = 0. What are the prime factors of d?
2, 3, 5
List the prime factors of ((-20)/(-8))/((3/(-26))/(-3)).
5, 13
Suppose 0 = 5*h + 5*l, l + 7 + 17 = 5*h. Suppose -5*f = -h*k - 22 - 87, -k - 43 = -2*f. What are the prime factors of f?
3, 7
Let s(l) = l**3 + 14*l**2 + 8*l - 16. Suppose 43 = -5*w - 22. List the prime factors of s(w).
7
Let p = 12 - 7. Suppose 0 = -2*v - p*d - 7, 0*d - 15 = 5*d. What are the prime factors of v?
2
Suppose 3*z - 5*z = -4. Let f = 8 - z. List the prime factors of f.
2, 3
Let o(d) = 40*d - 2. List the prime factors of o(1).
2, 19
Let s = -1 - -6. Suppose 4*n - 8 = t, -47 - 18 = s*t + 5*n. What are the prime factors of (-4)/(-14) - t/7?
2
Let b = -5 + 9. Let a be -2*1*-1 + 1. Suppose b*t - a - 13 = 0. List the prime factors of t.
2
Suppose -2*h - 30 = -2*m, 0 = h + m - 4*m + 23. Let w = -5 - h. List the prime factors of w.
2, 3
Let g(z) = 13*z**2 - 9*z - 6. What are the prime factors of g(-4)?
2, 7, 17
Let n(j) = j**3 - 14*j**2 - 9*j + 19. List the prime factors of n(15).
109
Let s be 10/2*(-10)/25. Let p be 1*(2 + 4/s). Suppose 9 = 3*n - p*n. List the prime factors of n.
3
Let l(r) = 0*r**3 - r - r**3 - 2*r**2 + 7 + r**2. List the prime factors of l(0).
7
Let m = 6 - 4. Let i(b) = -4*b. Let o be i(-1). Suppose 2*v - m*k = o, -3*v - 3*k + 6 + 6 = 0. List the prime factors of v.
3
Suppose -4*c - f = 2*f - 147, -3 = -3*f. List the prime factors of 73/4 + (-9)/c.
2, 3
Let u be (6/(-12))/(2/(-456)). Suppose u = 4*h - 26. What are the prime factors of h?
5, 7
Let y = -5 + -4. Let o be 6/y - 22/(-6). Suppose -3*g + 3*b = -g - 37, -o*b + 40 = 5*g. What are the prime factors of g?
11
Let d be 6/8 + 449/4. Suppose 4*q + 5 = d. List the prime factors of q.
3
Suppose -a = -5*a. Suppose a = -0*o - 2*o - 2*f + 44, -4*o + 48 = -4*f. List the prime factors of o.
17
Let p(w) = w**2 + 2*w - 3. Let o be p(2). Suppose -o*f - 3*i = 43, f = -i - 11 + 2. Let a = f + 14. What are the prime factors of a?
2, 3
Let n = -4 - -12. List the prime factors of 7 - 4/n*2.
2, 3
Let g be -4 + 1 - -3 - -2. Suppose 2*b - 10 = 2*o, g*b + 0*o - 13 = 3*o. What are the prime factors of 68/(-2)*b/(-4)?
17
Let h = -48 + -7. List the prime factors of ((-18)/10)/(11/h).
3
Let r(d) = d**3 + 8*d**2 + 8*d + 3. List the prime factors of r(-6).
3
Suppose -8*z + 22 = -6*z. Let y(a) = a + 2. Let b be y(-6). Let k = z + b. What are the prime factors of k?
7
Suppose 0 = 4*o - 20, 2*i + 15 = -3*i + o. Let t be 28/(-20) + i/(-5). List the prime factors of (t + -2)*-1 - 1.
2
What are the prime factors of ((-239)/9*-3)/(8/24)?
239
Let f(q) = q**2 - 2*q + 1. Let y(o) = o**2 + 4*o + 3. Let d be y(-3). Suppose 0*x + x - 4 = d. List the prime factors of f(x).
3
Let t = 6 - 6. Let m = 3 + t. Suppose v - m*z = -0*v, -3*z = -6. What are the prime factors of v?
2, 3
Let v be (90/25)/(2/10). List the prime factors of ((-30)/v)/(2/(-30)).
5
Let k(l) be the second derivative of l**3/3 - 21*l**2/2 + 6*l. What are the prime factors of k(18)?
3, 5
Let z = 0 + 2. Suppose -z = c - 2*x, -4 - 15 = -3*c + x. What are the prime factors of c?
2
Let t(g) = 10*g - 3*g**2 + 7*g**2 - 5*g**2 - 10. List the prime factors of t(7).
11
Let r = -8 + 8. Suppose -3*w - g = -60, 2*w + 3*g - g - 40 = r. Suppose 5*u + w = 0, -34 = -2*t - 0*u + 4*u. List the prime factors of t.
3
Suppose 0 = 2*y + 3*x + 6, 4*y - 1 = -2*x - 5. Suppose p = 13 - y. What are the prime factors of p?
13
Suppose -15 = -4*d - 3. Let l(z) = -z**2 - 12*z - 11. Let o be l(-8). Suppose -o = -3*s + d. What are the prime factors of s?
2
Let o(j) = 5*j**2 - 2*j - 4. Let r be ((-6)/(-5))/(4/10). Let i be o(r). Suppose n - 37 = -5*c, -7*n + 5*c = -2*n - i. What are the prime factors of n?
2, 3
Suppose -2*f + 33 = -23. What are the prime factors of f?
2, 7
What are the prime factors of ((-35)/(-2))/(19/38)?
5, 7
List the prime factors of (-5)/(0 - (-4)/(-20)).
5
Let j = 2 - 2. Suppose -i + j*i + 6 = 0. Suppose 3*r + 3 = 5*f - 36, i = -2*r. List the prime factors of f.
2, 3
Let h(n) = n**3 - 6*n**2 - 3*n + 9. Let x be h(6). Let o = 8 - x. What are the prime factors of o?
17
What are the prime factors of 30 + (4 - 1 - 3)?
2, 3, 5
Suppose 3*f - 5*f = 0. Suppose 2*j - 90 = 4*a, f*a = -3*j + a + 120. List the prime factors of j.
3, 13
Let t = 3 + 1. Let c = t - 0. Suppose c*v = 5*k - 24, 0*k = 4*k + v - 36. What are the prime factors of k?
2
Suppose -6*g + 549 = -57. List the prime factors of g.
101
Let c = -108 + 227. What are the prime factors of c?
7, 17
Let s = -3 - -3. Suppose s = 4*g - 3*g - 13. Suppose -3*c + x = -c - g, 0 = -2*c + 5*x + 17. What are the prime factors of c?
2, 3
Suppose -16 = -4*r, -3*r - 91 = 5*j + 137. Let a = 76 + j. List the prime factors of a.
2, 7
What are the prime factors of (-500)/(-18) + (-6)/(-27)?
2, 7
Let m(j) be the second derivative of -j**3/3 - 2*j. What are the prime factors of m(-8)?
2
Let d(r) = 22*r**2 - 5. Let x(q) = -66*q**2 + 14. Let l(n) = -11*d(n) - 4*x(n). What are the prime factors of l(-1)?
3, 7
Suppose -21 = -5*m + 4, -5*j = -4*m - 165. What are the prime factors of j?
37
List the prime factors of 1*(-5)/(5/(-47)).
47
Let t(o) = o + 13. Let l be t(-9). Suppose 5*p - 19 + l = 0. List the prime factors of p.
3
Let f = -44 + 23. List the prime factors of f/35*-1*25.
3, 5
Let m = 70 + 176. What are the prime factors of m?
2, 3, 41
Suppose -3*n + 24 = 3*b, n + 4*b - b = 14. Suppose 52 + n = 3*c + 2*u, 0 = -c - 4*u + 29. List the prime factors of c.
17
Let v(z) = -z**2 + 15*z - 8. Let f(j) = -j**2 + 10*j + 13. Let s be f(10). List the prime factors of v(s).
2, 3
Let b = -38 - -74. Suppose b = 5*u + 1. What are the prime factors of u?
7
Let r = -6 - -9. Suppose -2*k + 23 = -r*b, 0*k - 4*k + 54 = 2*b. What are the prime factors of k?
13
Let d = -2 + 7. Let j(z) be the third derivative of z**5/60 - z**4/6 + z**3/6 - z**2. List the prime factors of j(d).
2, 3
Let z(w) = -5*w - 6. Let s be z(-4). Let y = 5 + s. Suppose -y = -r - 7. What are the prime factors of r?
2, 3
Let t be (-64)/(-20) + 2/(-10). Suppose t*x = 32 + 13. List the prime factors of x.
3, 5
Let x be 55/(-22) + (-1)/(-2). Let p(w) = -5*w**3 + 3*w**2 - 1. What are the prime factors of p(x)?
3, 17
Let f = 33 + -16. Suppose -3*x - 21 = -4*x - c, x - c = f. What are the prime factors of x?
19
Suppose 2*h + 2 - 14 = 0. List the prime factors of h.
2, 3
Let f be (-468)/(-20) - (-3)/5. Suppose -f = -m - 2*c, -3*m - 5*c + 42 = -25. What are the prime factors of m?
2, 7
What are the prime factors of 18/90 + 118/10?
2, 3
Suppose -228 = -3*t + 72. Suppose -3*h + 2*n + t = 0, 0 = 2*h - 6*h + n + 130. List the prime factors of h.
2
Let r(a) = -a**3 - a**2 + 1. Let q be r(-1). Let t be (-5 - -2)*-1*q. Suppose -3*p + t = 2*i, -3*i - 3*p + 30 = 2*i. List the prime factors of i.
3
Let j = 929 + -606. List the prime factors of j.
17, 19
Let c = -5 - -8. Let i(s) = 1 - 5*s - 2*s**2 + c*s**2 + 2. What are the prime factors of i(6)?
3
Suppose -2*z + m = 5*m - 50, -4*m - 85 = -3*z. What are the prime factors of z?
3
Suppose -4*f + f = -15. Let v be f/10*(0 + -2). What are the prime factors of v*1/1 - -6?
5
Let c = 98 - 63. What are the prime factors of c?
5, 7
Suppose 6*z - z = 15. List the prime factors of z.
3
Suppose 18 - 4 = 2*r. Let t = r - -2. What are the prime factors of t?
3
Let l be (-14)/(-63) + (-410)/(-18). Le